-2212222110102211?
2212222110102222
In base 4, what is 10 + -10302211102?
-10302211032
In base 6, what is 11353424 - 5415?
11344005
In base 6, what is -5101313 + -505?
-5102222
In base 10, what is -7015 - -2576?
-4439
In base 14, what is 3bd9c03 + -1?
3bd9c02
In base 3, what is 101122122000201 - -10?
101122122000211
In base 2, what is 111100100101101100 - -10011110?
111100101000001010
In base 16, what is -608d - 14dc?
-7569
In base 8, what is -6 + 1613710?
1613702
In base 4, what is -331033 + -2311311?
-3303010
In base 14, what is 5158 + 79?
51d3
In base 4, what is -203012112203 - 13?
-203012112222
In base 10, what is 137354 - -91?
137445
In base 3, what is 11121210122200212 - 2?
11121210122200210
In base 7, what is -16345146 - -6?
-16345140
In base 16, what is 1 - -465537?
465538
In base 2, what is 10001111 - -101100001000?
101110010111
In base 13, what is -174a04 - -95?
-17493c
In base 9, what is -13 - 4342188?
-4342212
In base 7, what is 0 - -1131264335?
1131264335
In base 8, what is 701231165 - -2?
701231167
In base 5, what is 121 + -2102301224?
-2102301103
In base 7, what is 24 + -4415054?
-4415030
In base 4, what is -21123123 - 101?
-21123230
In base 4, what is 23032203112 - -331?
23032210103
In base 8, what is -2 + -3265442?
-3265444
In base 11, what is -110399 - 34?
-110422
In base 5, what is -23231 + -22043?
-100324
In base 4, what is 10 + -1323211121?
-1323211111
In base 16, what is -67be - -1a6?
-6618
In base 4, what is -330 - -1003311212323?
1003311211333
In base 3, what is 1011102012221222001 - -1?
1011102012221222002
In base 2, what is 10100100010 - -100111010101010?
101001111001100
In base 3, what is -1022 + -2201000022201?
-2201000101000
In base 16, what is -282b - -17a1?
-108a
In base 11, what is -8723a1 + -13?
-872404
In base 2, what is -1010000001 + -10010110100001110?
-10010111110001111
In base 7, what is 206221424 - -3?
206221430
In base 10, what is 6582 + 126126?
132708
In base 5, what is 20 + 302321140?
302321210
In base 15, what is 9 + 829c0?
829c9
In base 10, what is -746 - -25327?
24581
In base 11, what is -4366810 + 25?
-4366796
In base 10, what is -3015 - 5655?
-8670
In base 7, what is -200114 - -11334?
-155450
In base 3, what is 11102122 - 110021101?
-21211202
In base 8, what is -13727223302 - 0?
-13727223302
In base 2, what is -11011100101110111111001 + 1000?
-11011100101110111110001
In base 7, what is 250213504 + 2?
250213506
In base 11, what is 1a500a - 133?
1a4987
In base 12, what is 4 - -2376904a?
23769052
In base 2, what is -100010000111000010 + -1101?
-100010000111001111
In base 14, what is 252 + -604?
-392
In base 6, what is 105503154422 + -5?
105503154413
In base 15, what is -461a276 + -8?
-461a27e
In base 14, what is -4 + 1659768?
1659764
In base 4, what is 312220 + -20122022?
-13203202
In base 9, what is -1040835112 - -1?
-1040835111
In base 12, what is 6 - 5757b0?
-5757a6
In base 9, what is 11 + 1645346?
1645357
In base 5, what is 21110 + -12231321?
-12210211
In base 6, what is 1 - 2330301022?
-2330301021
In base 6, what is -3 + -2515211424?
-2515211431
In base 9, what is -25844143 + -10?
-25844153
In base 8, what is -41 + -736613?
-736654
In base 15, what is -d9 + 31c5?
30db
In base 14, what is 774 - -dc?
872
In base 8, what is -411 - -60462?
60051
In base 8, what is 5 - -55315374?
55315401
In base 8, what is 1 + -151223542?
-151223541
In base 14, what is -1b + 129176?
129159
In base 5, what is 201 + 10020344?
10021100
In base 12, what is 4 + 959058?
959060
In base 8, what is -27 + -27636151?
-27636200
In base 4, what is 323312 + -31300?
232012
In base 6, what is -200215003 - -322?
-200214241
In base 6, what is -235120543 - -2?
-235120541
In base 16, what is -4a35a - 72?
-4a3cc
In base 4, what is -31021003 - 102?
-31021111
In base 16, what is 187 + -558f?
-5408
In base 2, what is 11100100111110111 + -1011101010?
11100011100001101
In base 7, what is 2632 - -15052?
21014
In base 7, what is 4301 + -256016?
-251415
In base 3, what is -1 - -21220121002221221?
21220121002221220
In base 11, what is 1915864 - -2?
1915866
In base 11, what is -1a4 - 171752a?
-1717723
In base 6, what is 55534 + -3224?
52310
In base 12, what is -3 - 988767?
-98876a
In base 4, what is 220 - -11132320003?
11132320223
In base 15, what is -126d6b9 + 63?
-126d656
In base 9, what is -37538562 + -4?
-37538566
In base 5, what is 30 + -2232001422?
-2232001342
In base 7, what is 1435062 + -34?
1435025
In base 11, what is -8246 - 605?
-8850
In base 16, what is -3 - 28fe54?
-28fe57
In base 10, what is 24551361 + 1?
24551362
In base 12, what is 4185a5b5 - 1?
4185a5b4
In base 6, what is -30242 + 4535?
-21303
In base 15, what is 3514bb + -5?
3514b6
In base 15, what is -74d79 + 13?
-74d66
In base 9, what is -332403 - -24?
-332368
In base 7, what is 500 + 4462640?
4463440
In base 8, what is -73676733 + -5?
-73676740
In base 10, what is 1870212 + 3?
1870215
In base 13, what is 5 + 1718a5b?
1718a63
In base 5, what is -12 - 343212022234?
-343212022301
In base 11, what is -5 + 8085a6a?
8085a65
In base 15, what is -4260ccd - 7?
-4260cd5
In base 12, what is -561162b + -12?
-5611641
In base 7, what is 64260 - 415?
63542
In base 9, what is -15143502 - 3?
-15143505
In base 14, what is -1 + -161adc?
-161add
In base 12, what is -1 + 5109610?
510960b
In base 13, what is -17c666 - -5?
-17c661
In base 7, what is 1212 - 1256556?
-1255344
In base 2, what is -111001100 - -10101000?
-100100100
In base 4, what is -22201 - -1332?
-20203
In base 4, what is -130223311220 - -1?
-130223311213
In base 8, what is -377607 - 211?
-400020
In base 3, what is -22210222 - 11011110?
-110222102
In base 14, what is 5 - -85641a?
856421
In base 7, what is -3 - -422110034?
422110031
In base 7, what is -3052 + -20336?
-23421
In base 8, what is 740536 - -177?
740735
In base 13, what is 10324 - 9a20?
3604
In base 13, what is -32265 + -5c02?
-38167
In base 13, what is 117b - -16983?
17b31
In base 16, what is 2 + -2df88?
-2df86
In base 7, what is 622300 + 3?
622303
In base 2, what is -1000011101000110110111 - 11101?
-1000011101000111010100
In base 12, what is 9576060 - -2?
9576062
In base 5, what is 402101222 + 1?
402101223
In base 10, what is -2373 - 3578?
-5951
In base 12, what is b224 + -882?
a562
In base 5, what is 4 - -333233224?
333233233
In base 7, what is 220 + -32654453?
-32654233
In base 7, what is -12204330 - -4?
-12204323
In base 8, what is -12 + -33375036?
-33375050
In base 7, what is 160 + 2415011?
2415201
In base 8, what is 341025 + -2404?
336421
In base 10, what is 3707 - 40760?
-37053
In base 6, what is 55150255201 + -4?
55150255153
In base 5, what is -43304443 - -133?
-43304310
In base 6, what is -35 + 13000105?
13000030
In base 15, what is -14d + ae465?
ae317
In base 3, what is 12 - -2120012100010?
2120012100022
In base 10, what is 5 - -52595?
52600
In base 12, what is 59a97 - 1a6?
598b1
In base 13, what is -1762 + -a7a59?
-a94bb
In base 9, what is 8421 - -765?
10286
In base 9, what is 1411176 + 0?
1411176
In base 9, what is 41656610 + -1?
41656608
In base 11, what is a2 - -54a28?
5501a
In base 9, what is 20833 - 1500?
18333
In base 3, what is -200 - -22000121202222?
22000121202022
In base 16, what is -da0b + 95?
-d976
In base 3, what is 10010102 - 1012111220021?
-1012101202212
In base 16, what is -2 + 1017d7?
1017d5
In base 6, what is 122 - 2410133?
-2410011
In base 15, what is 31 - -6a79d?
6a7ce
In base 7, what is -13634 - 3400?
-20334
In base 9, what is -6805 - -2248?
-4546
In base 13, what is bb + 43873b?
438829
In base 15, what is -b5ea + 614?
-aed6
In base 10, what is 5785705 + -1?
5785704
In base 2, what is 10110010001111111 + 110110?
10110010010110101
In base 9, what is 202057428 - -2?
202057431
In base 14, what is 19 - 97457d?
-974564
In base 9, what is -278672 + -1038?
-280721
In base 13, what is -48b4 - -9562?
497b
In base 16, what is -27d84 + -5fe?
-28382
In base 9, what is 1663 - -68022?
70685
In base 9, what is -455464 - -135?
-455328
In base 4, what is -1132313 - -132211?
-1000102
In base 2, what is -1110110000010101001 - -101111011?
-1110101111100101110
In base 16, what is 170a2 + 93?
17135
In base 9, what is -741 + -67708?
-68550
In base 9, what is 2 - 226440573?
-226440571
In base 5, what is 23112223 - 11103?
23101120
In base 15, what is 52 - -2930